be (-3)/(-12)*0*s + 8. What is the highest common factor of 2 and c?
2
Let y(m) be the first derivative of m**4/4 + m**3 - 5*m**2/2 + 3*m + 18. Let b be y(-4). What is the greatest common factor of b and 49?
7
Suppose 0 = -2*p + 2*w + 108, p + 4*w = 2*w + 45. Suppose -56 - p = -u. Let j = u + -68. What is the highest common divisor of j and 26?
13
Suppose 0 = 3*s - 3, -5 = -5*a + s - 66. Let v be 3/a + (-500)/(-16). What is the highest common factor of v and 62?
31
Let f = -114 + 116. What is the greatest common divisor of f and 3?
1
Suppose 0 = -80*w + 29*w + 9384. Calculate the greatest common factor of 16 and w.
8
Suppose 4*m - 61 - 155 = 4*f, -2*m + f + 105 = 0. What is the highest common divisor of m and 36?
3
Let n(t) = t**3 - 22*t**2 - 25*t + 54. Let p be n(23). Calculate the highest common divisor of 512 and p.
8
Let p = 26 - -4. Let j be (-138 + 3)*(-3 - -2). Suppose 0*k - 3*k = -j. What is the greatest common divisor of p and k?
15
Let q(c) be the first derivative of c**3/3 + c**2/2 - 5*c + 10. Let z be q(6). Let b = 85 - z. Calculate the highest common divisor of 32 and b.
16
Suppose 0 = -4*z + 5*k + 1671 + 917, -3256 = -5*z + k. Let a(b) = -75*b**2. Let c be a(-2). Let m = c + z. Calculate the greatest common factor of m and 32.
32
Let g = -16 + 17. Calculate the greatest common divisor of 7 and g.
1
Let f be (-43 - -41)*3358/(-4). Calculate the highest common factor of f and 23.
23
Suppose 122 = -f + 3*f - 2*r, 305 = 5*f - 4*r. Suppose 171 = b - 2*c - 26, 3*b - 570 = 3*c. What is the greatest common factor of b and f?
61
Let h = 24 - 18. Let m(b) = 12*b**2 - 5*b**2 - 16*b + 20*b - h + b**3. Let o be m(-6). What is the greatest common divisor of o and 12?
6
Let s be 198/27 + (-1)/3. Suppose 11*i - 72 = s*i. Calculate the highest common factor of 90 and i.
18
Suppose -33 = -p + 23. Let q(y) = -80*y**3 + 2*y**2 + y. Let j be q(-1). Let w = j - p. What is the greatest common divisor of w and 125?
25
Let w(f) = 20*f**2 + f - 2. Let z be w(2). Suppose 368 = 34*o + 28. Calculate the highest common factor of o and z.
10
Suppose -5*z + 7*z = -38. Let p = 228 + -335. Let i = z - p. What is the highest common divisor of i and 22?
22
Let b(c) = c**3 - 38*c**2 - 40*c + 80. Let p be b(39). What is the highest common factor of 1025 and p?
41
Let i = 9 + 65. Suppose p - 57 = i. Let a = p - 92. Calculate the highest common factor of a and 13.
13
Suppose -2*x = 3*x - 80. Suppose -4*c + 5*w - 70 = -267, -4*c - 5*w = -187. Calculate the highest common factor of c and x.
16
Let y = 8 - 12. Let r be ((-22)/8)/(-1*y/(-96)). What is the highest common factor of 6 and r?
6
Let v(p) = 32*p**2 + 9. Let n be v(-3). Suppose 0 = a - 5*a - 3*w - 9, -5*w = 15. Suppose a = o + 2*o - n. Calculate the greatest common divisor of 9 and o.
9
Let u(q) = 8 - 2*q - 2 + 6*q**2 - 7*q**2. Let k be u(0). What is the highest common divisor of k and 24?
6
Suppose 137 = -3*t + 2*l, 0*l - 4*l = 2*t + 70. Let b = 60 + t. Calculate the highest common factor of 119 and b.
17
Let m(g) = -5*g + 42. Let b be m(9). Let y(r) = 5*r**2 - 7*r. Let n be y(b). What is the greatest common factor of n and 22?
22
Let k(l) = l**3 + 7*l**2 - 6*l - 3. Let d be k(8). Let b be 64/(-12)*(d + 0). Let i be 2/(-11) + b/(-44). Calculate the highest common divisor of 22 and i.
22
Let u(z) = -z**3 - 13*z**2 + z + 16. Let d be u(-13). Let f(v) = -6 + 8 + d*v**2 - 2. Let h be f(2). What is the highest common divisor of 6 and h?
6
Let i be 8/20 + 292/20. What is the highest common factor of 12 and i?
3
Let r be 2/8 + (-158)/(-8). Suppose 180 = 5*x + 4*k, -59*k + 54*k = 3*x - 95. What is the highest common factor of x and r?
20
Suppose 11 = -10*y + 131. Suppose -60 = -4*l + 5*k - 4*k, -y = -3*k. Calculate the highest common divisor of 32 and l.
16
Let p(b) = -b. Let x be p(-5). Suppose -5*m = -3*d + 89 - 269, 5*m = -x*d + 180. Calculate the greatest common factor of m and 48.
12
Suppose 0 = -3*n + 4*z, n - 9 + 22 = -3*z. Let c be ((-18)/n)/(18/36). What is the greatest common divisor of 1 and c?
1
Suppose -4*l + 4 = 4*o, -2*l = -o + 7 - 18. Suppose -5*a + 2*q = -310, -2*a = 8*q - 4*q - 148. Calculate the greatest common factor of a and l.
4
Suppose 5*v + 12 = 9*v. Suppose v*g = -2*z + 197, 3*z - 2*g - 354 = -z. Suppose -11*m = -10*m - 13. Calculate the highest common factor of m and z.
13
Suppose -4*d = -s - 60, -3*s = -d - 8*s + 36. Let y be (-2 - 2)/((-2)/d). Calculate the greatest common divisor of y and 352.
32
Suppose -803*r + 81 = -802*r. Calculate the greatest common factor of 6 and r.
3
Let i(b) = 16*b**2 - 21*b - 31. Let c be i(5). Calculate the highest common divisor of c and 880.
88
Let j = 10 - -16. Calculate the greatest common divisor of 104 and j.
26
Let a = -870 + 907. Calculate the greatest common factor of 4 and a.
1
Let r = 30 + -18. Let a = 3 + r. Let v = a + -3. What is the highest common divisor of 60 and v?
12
Let i = -252 - -264. Calculate the highest common factor of i and 27.
3
Let u(t) = -t**3 + 22*t**2 + 59*t - 21. Let k be u(23). Calculate the greatest common divisor of k and 3.
3
Suppose p = 3*m - 192, -5*p - 198 - 112 = -5*m. Let y be 1*4 - (0 - 1). Calculate the highest common factor of y and m.
5
Suppose -88 = -5*f - 3*t, 0 = 5*f - 7*t + 3*t - 116. What is the greatest common factor of 100 and f?
20
Let o be 1/(-2)*(-25 + 27) - -673. What is the greatest common divisor of 12 and o?
12
Suppose 2*n + 6*n = 24. Suppose -4*a = -3*h + 21, -n*h + 0*h = a - 36. Calculate the greatest common factor of 22 and h.
11
Let x(a) = -72*a + 369. Let v be x(5). Calculate the highest common factor of 873 and v.
9
Suppose -a + 3*a - 6 = -4*i, 0 = 5*i + 5*a. Suppose -i*l + 0 = q - 47, 3*q = 5*l + 71. Calculate the highest common factor of q and 8.
8
Let h = 7 + -4. Let s(k) = k**2 + k + 4. Let x be s(-3). Let n = -4 + x. Calculate the highest common factor of h and n.
3
Let u = -907 + 1702. What is the highest common factor of 45 and u?
15
Suppose -y = -5*c + 2*c + 581, -5*c - y + 971 = 0. Let l = c - -95. Suppose -4*o + l = 97. Calculate the highest common factor of o and 12.
12
Let o = 69 + -24. Let m be 42 - (1 - -5)*(-3)/6. Calculate the greatest common factor of o and m.
45
Let o be -2 + (-60)/(-25) - (-5448)/30. What is the highest common divisor of 273 and o?
91
Let d = 4 + -7. Let u(f) = 19*f - 6. Let y(q) = 14*q - 6. Let i(j) = 3*u(j) - 4*y(j). Let v be i(d). Calculate the highest common factor of v and 24.
3
Let n be 1 - 54/(-36)*6/1. Let l be 1 + 0 + (84 - -5). What is the highest common factor of l and n?
10
Suppose 5*q + 0*q + 2*y - 204 = 0, -5*y = q - 50. Let b = q - 30. What is the greatest common divisor of 10 and b?
10
Suppose 4*m + 29*o = 34*o + 661, -5*m + 2*o + 839 = 0. Calculate the highest common factor of m and 13.
13
Let y be ((-10)/4)/((-6)/12). Suppose -b = 3*l + l + 4, 5*b = -5*l - y. Suppose 2*k - 11 - 5 = b. What is the greatest common divisor of k and 8?
8
Let y = -3 - 1. Let h be y/6 - 74/(-3). Let a(w) = 11*w - 6. Let c be a(6). What is the greatest common factor of h and c?
12
Let c(l) = 2*l**2 - 76*l - 101. Let i be c(40). What is the highest common factor of i and 295?
59
Let t(a) = -328*a + 154*a - 74 + 151*a. Let z be t(-6). Suppose -32 = -2*m - 0*m. Calculate the highest common divisor of m and z.
16
Suppose 0 = 2*f + 3*f - 20. Suppose 578 = f*s + 50. Calculate the greatest common factor of 33 and s.
33
Let f = 94 + -79. What is the highest common factor of f and 5?
5
Suppose -3*p - 2*p + 2*a = -2246, 3*a - 887 = -2*p. Calculate the highest common factor of p and 56.
56
Suppose 18 + 110 = 4*v. Suppose -k + 9 = -3*d + 4*d, 3*d = 2*k + v. What is the greatest common factor of d and 15?
5
Let r be (-4)/(-6) + ((-490)/(-21) - -5). Let h(y) = 3*y**2 + 2. Let o = -3 - -6. Let b be h(o). What is the greatest common factor of r and b?
29
Let p = 350 - 259. Calculate the highest common divisor of 7 and p.
7
Let l(t) = 4*t**2 + 6*t + 3. Let v(p) = -p**3 - 7*p**2 - 11*p - 5. Let b(y) = -5*l(y) - 3*v(y). Let d be b(3). What is the greatest common divisor of d and 33?
33
Suppose 20 = 5*f, 5*f + 4 = n + 44. Let j be 2/5 + (-752)/n. Calculate the highest common factor of j and 38.
38
Let h(t) = -8*t + 393. Let p be h(48). Calculate the greatest common factor of p and 75